= 167*g + 11705. Calculate the remainder when g is divided by 39.
30
Suppose -2*x - 47 + 113 = 0. Let k = -28 + x. Suppose -237 = -k*l + 2*b, 6*b - 9*b = -2*l + 97. Calculate the remainder when l is divided by 18.
11
Suppose 32*h - 64 = 24*h. Suppose h*o - 192 = 88. What is the remainder when 122 is divided by o?
17
Let w = 3298 - 3159. Calculate the remainder when w is divided by 2.
1
Let l(k) = k**2 + 12*k - 199. Let o be (2/(-3))/(3/36). Let b(n) = -n**3 - 6*n**2 + 5*n - 8. Calculate the remainder when b(o) is divided by l(10).
17
Let a = 48 - 48. Let b(i) = -i**3 + i - 11. Let o be b(a). Let v = o - -72. Calculate the remainder when v is divided by 16.
13
Suppose 2*z - 60 = -4*o, 0 = -2*z - 4222*o + 4226*o + 28. Let n = 16 + 68. Suppose 0 = 2*c - c - n. What is the remainder when c is divided by z?
18
Let z = -320 - -321. What is the remainder when (2/z)/(2502/(-228) - -11) is divided by 22?
10
Let x = 5088 - 4714. What is the remainder when x is divided by 196?
178
Let c(v) = 629*v**3 - v**2 + v - 1. Suppose 5*h + 23 - 248 = 0. What is the remainder when c(1) is divided by h?
43
Suppose -6*l = -39 - 27. Suppose -16 + l = -p. Suppose 0 = -3*b + p*i + 141 + 120, b - 5*i - 87 = 0. What is the remainder when b is divided by 30?
27
Suppose -4*o - 1756 - 2306 = -10*o. What is the remainder when o is divided by 131?
22
Calculate the remainder when -3 + -1 + -4 - -194 is divided by 11.
10
Let z be ((-53)/(-106))/((-2)/112*-2). Let f(c) = -2*c**2 + 19*c + 25. Let g be f(z). Let p = 129 + g. What is the remainder when 110 is divided by p?
26
Suppose 3*u + 345 = -3*s, s = 5*s + 2*u + 450. Calculate the remainder when 53 is divided by 12/(-22) + (-390)/s.
2
Let s be (1 + -2891)*(0 + -1 + 0). What is the remainder when -1 - (s/(-25) + (-6)/15) is divided by 29?
28
Let d be (1/(-1))/(-1 - 5/(-6)). Let q = 359 + 30. Suppose 4*g - d*g + 152 = 2*i, q = 5*i + 2*g. What is the remainder when i is divided by 17?
11
Suppose 0 = -3*k - 3, -4*k + 9 = -5*h + 13. Suppose -5*x + 47 + 98 = h. Calculate the remainder when x is divided by -28*(0 - 4/14).
5
Let h(g) = -g**2 - 15*g + 17. Let c(p) = p - 30. Let d be c(9). Let v be h(d). Let k = 34 - v. What is the remainder when k is divided by 18?
17
Suppose 0 = 101*a - 2233 - 233 - 665. What is the remainder when 263 is divided by a?
15
Let w = -250 + 443. Let x(f) = -f**3 + 9*f**2 - 12*f + 35. Calculate the remainder when w is divided by x(7).
46
Let f(k) = -34 - 9*k + 16*k - 2*k. Let n = 4 + 11. Calculate the remainder when f(n) is divided by 7.
6
Suppose -16 = -0*d - 4*d, -2*u + 154 = -3*d. What is the remainder when 412 is divided by u?
80
Suppose -1219*l - 17070 + 43789 + 47640 = 0. Suppose -i = -166 - 87. What is the remainder when i is divided by l?
9
Suppose l - 2 - 2 = f, -3*l = 5*f + 12. Suppose 34 = 2*q + 4*p, -l = 2*p - 7. What is the remainder when 284 is divided by q?
9
Let q(l) = 105*l**2 + 1. Let u be q(1). Let t be ((-132)/77)/(9/(-21)). Suppose -t*c + u = -30. Calculate the remainder when 132 is divided by c.
30
Suppose 0 = 10*r + 9*r - 608. Calculate the remainder when 571 is divided by r.
27
Suppose -20 = -4*o - 48. Calculate the remainder when 7 is divided by 1/((o/35)/((-3)/15)).
0
Let p(y) = y**2 - 5*y + 10. Let x be p(6). Suppose 0 = 4*f + x, -14*f - 18 = -2*h - 10*f. What is the remainder when 9 is divided by h?
0
Let f be (1/(-2))/(5/210). Let j = f - -26. Suppose 3*a = k - 9, -j*a + 22 + 19 = 3*k. What is the remainder when 70 is divided by k?
10
Suppose -150*f - 244*f + 1443015 = 11*f. What is the remainder when f is divided by 115?
113
Let z be (-8)/1 - (338 - 353). Suppose 5*q + 23 = -47. Calculate the remainder when 32 is divided by (z - 1) + (-15 - q).
2
Let l = -70 + 86. Let g(r) = 3*r**3 - 4*r**2 + 4. What is the remainder when g(3) is divided by 16/(-128) - (-162)/l?
9
Let z(t) = -t**3 + 7 - 1178*t**2 + 2371*t**2 - 37*t - 1181*t**2. Calculate the remainder when 18 is divided by z(6).
0
Let j(i) = i**2 + 4*i - 1. Let g be j(-11). Suppose 0 = q - 2, -4*q + 103 = m - 6*q. Let z = m - g. What is the remainder when 185 is divided by z?
30
Suppose 0 = -49*y + 85*y - 5112. Calculate the remainder when 430 is divided by y.
4
Let s(p) = 4*p**3 + 95*p**2 - 18*p + 175. Calculate the remainder when 390 is divided by s(-24).
18
Suppose 5*n + 10 = p, 8*n = -5*p + 5*n + 134. What is the remainder when (9/18)/((-1)/(-194)) is divided by p?
22
Let r be (2 + (-2673)/6)/(4/(-8)). Suppose 10*k - r = -297. Calculate the remainder when k is divided by 20.
19
Suppose -85*x = -36335 - 9905. What is the remainder when x is divided by 19?
12
Let u(k) = -k**2 + 62*k + 557. Calculate the remainder when u(67) is divided by 53.
10
Suppose 137 - 33 = m - 2*o, o - 193 = -2*m. What is the remainder when m/(-28)*(-11 - 1) is divided by 5?
2
Let r = -360 + 390. Suppose -17*a + 16*a - 5 = 0, -a - r = -v. Calculate the remainder when v is divided by 19.
6
Let h be (-40)/(-80) + (-1)/2. Suppose -3*t = -2*k - 2, h*k - 3*k = -3*t. What is the remainder when k is divided by 1?
0
Let s = -38 + 34. What is the remainder when (30/s)/((-16)/32) is divided by 15?
0
Let h(b) = 25*b**2 - 14*b + 27. Let r be h(4). Let v = 398 - r. What is the remainder when 160 is divided by v?
25
Suppose -6*t + 16069 - 2986 = -r, 0 = -3*t - 4*r + 6528. Calculate the remainder when t is divided by 19.
14
Suppose 0 = 26*k - 29*k + 2*w + 18, k - 6 = w. Suppose -5*i = -0*i - 40. What is the remainder when i is divided by k?
2
Let l(p) = p**3 - 6*p**2 - 8*p + 11. Let u be 80/32*(-18)/(-5). What is the remainder when l(u) is divided by 23?
21
Let b = 33 - -37. Calculate the remainder when (-1)/(-4) - ((-23218)/152 - -33) is divided by b.
50
Let b = 14352 - 13775. Calculate the remainder when 3462 is divided by b.
0
Let w(l) = -399*l + 21. Let q(p) = -114*p + 6. Let x(y) = -18*q(y) + 5*w(y). Let m be x(2). Let u = -55 + m. What is the remainder when u is divided by 20?
16
Let f(y) = 472*y + 1999. Calculate the remainder when f(-4) is divided by 106.
5
Let w(i) = i**2 + 21*i + 67. What is the remainder when w(-21) is divided by 60?
7
Let z = 13431 + -12537. Calculate the remainder when z is divided by 76.
58
Let k = -61 + 89. What is the remainder when 18 - 16 - (-132 + -1) is divided by k?
23
What is the remainder when 1669 is divided by (117/(-364))/(18/21) + 8990/80?
101
Suppose 6*p = 10*p - 24. Suppose -15*v + 50*v - 247 = 22*v. Calculate the remainder when v is divided by p.
1
Suppose -o = -3*v - 21, -4*v + 24 = 2*o - 38. What is the remainder when (-66)/(-1) - (3 - -12) is divided by o?
24
Let r = -489 - -765. Let c = 542 - r. Calculate the remainder when c is divided by 45.
41
Let r = 561 - 334. Let b(w) = w + 4. Let o be b(-4). Suppose o = -13*u + 21*u - 368. Calculate the remainder when r is divided by u.
43
Suppose 0 = 4*t - 8, 4*i - 146 = -i + 2*t. What is the remainder when (4/i)/((-4)/(-100))*18 is divided by 18 - (-1)/((-4)/(-16))?
16
Suppose 0 = -3*s + 4*q + 54, -3*q + 3*q + 5*q = 0. Calculate the remainder when 934 is divided by s.
16
Let k(g) = -9*g + 325. Let v(z) = 10*z - 2. Let x be v(1). Suppose -3*l = -x*l + 415. What is the remainder when l is divided by k(33)?
27
What is the remainder when 1857 is divided by -343 + 1280 + (-1 - 11)?
7
Suppose 5*r - 1782 = -2*i + 636, -4*i + 4*r = -4752. Calculate the remainder when i is divided by 13.
11
Suppose 0 = -3*d + 54 - 3. Suppose k - 80 = b, 5*k - 277 = -2*b + 137. What is the remainder when k is divided by d?
14
Let c be 4*6/((-24)/(-4)). Suppose 0 = 3*o - 4*g - 15 - 9, -12 = c*g. Let v = 35 + -20. Calculate the remainder when v is divided by o.
3
Let p = -445 + 785. Suppose 23*m + p = 4*f + 21*m, 0 = 3*f - 2*m - 255. Let b(z) = 21*z + 2. Calculate the remainder when f is divided by b(2).
41
Let k(u) = 6*u - 9*u - 4*u. Let t be k(-1). Suppose t = s + 2. What is the remainder when 18 is divided by s?
3
Let n(c) = -c**3 + 7*c**2 + 6. Suppose 0 = -65*v - 185*v + 3750. What is the remainder when n(6) is divided by v?
12
Suppose -8820 + 2990 = -8*a - 47*a. What is the remainder when 263 is divided by a?
51
Let u = 1270 + -502. What is the remainder when 804 is divided by u?
36
Let l = -17589 + 17592. What is the remainder when 84 is divided by l?
0
Let u(h) = -12*h - 5. Calculate the rema